 is the value of (140 - 202) + (-1 - (-17 + -1))?
-45
What is 2 + -8 + 38 + (3 - (3 - 11))?
43
What is the value of (113 - ((68 - 30) + -11)) + -1 + 3?
88
-2 - (-46 - (70 - 149))
-35
48 + 81 + -78 - (-1 - -12)
40
Calculate 7 + (13 + -4 + -2 - 16 - -28) + -1.
25
Calculate -2 - (-35 - -25) - 14 - (6 - 3) - 105.
-114
Calculate 138 + -2 + -65 - (2 + -25).
94
What is the value of 20 + (-5 + (7 - -31) - 88)?
-35
What is the value of (56 - -10) + (-4 - (-4 + 2) - 15)?
49
Evaluate 27 - ((-12 + -3 - -4) + 8 - (-12 - -3)).
21
Calculate (-3 - -58 - (0 + (1 - 1)) - 10) + -4.
41
Calculate (14 + 37 - 35) + (0 - (0 + 12)) + 2.
6
What is the value of -26 + 10 + 0 + 29 + (-79 - -48)?
-18
Evaluate 8 - (10 - 6) - (187 + -216 + 1 + 9).
23
Evaluate (-4 - 3) + (236 - 167).
62
What is the value of -8 + -11 - 13 - -42?
10
-734 + 756 + (-1 - 6) + 1
16
What is -36 - ((19 - 67) + 122 - -9)?
-119
(343 - 346) + (-14 - -1) - (13 + 0)
-29
Calculate (2827 - 2938) + 128 + 1.
18
What is 7 + 25 + -27 + 1 + -29?
-23
What is the value of -2 + (32 - (7 - -8)) + -4 - (46 - 1)?
-34
Calculate 18 + -24 + (1 - 1) + (-11 - -4 - -75).
62
Calculate 47 - (2 + -6 + (-10 - -13) + 4).
44
Calculate -16 + (3 - -32 - (337 + -317)).
-1
What is -15 + (5 - (25 + -18 + -19 + -12))?
14
10 - -106 - (-191 + 199)
108
What is the value of -37 + 86 - 30 - -29?
48
Calculate -21 - -45 - 15 - (-5 - -80).
-66
Evaluate -34 + -8 + (170 - 76).
52
Calculate -6 + (2 - 2) - ((113 - 59) + -13).
-47
What is the value of 20 - (-44 - (21 - 3 - (-1 - -19)))?
64
Evaluate 13 + -38 + 4 + 3 + -21 - -11.
-28
(19 + -1 + -16 + -7 - -90) + 9
94
Calculate -29 + 29 - (27 - 53).
26
Evaluate -27 + (-8 + -2 - 3 - (129 + -144)).
-25
What is (5 - 2) + -11 - (-99 + -2 - -73)?
20
106 + -165 - (-14 - 0)
-45
Evaluate 3 + (60 - 42 - -2).
23
What is the value of 42 + -49 + -27 + (8 - 48)?
-74
What is the value of -50 - (-28 + 42 + -103)?
39
20 + (-39 + 4 - (20 + -21))
-14
Evaluate -8 + 17 - (204 + -132 + 65).
-128
What is 7 + 63 + -69 + 5?
6
(-7 - (-37 + 8)) + -37 - -64
49
Calculate -8 - ((30 + -51 - (6 - 21)) + -5).
3
What is the value of 4 + -192 + 142 + (3 - 50)?
-93
Calculate 18 + -25 + -7 - 9 - 11.
-34
Evaluate -69 - (38 + 36 + -128).
-15
Evaluate 2 + -9 + (6 - (-2 - 7)) + -39 - 5.
-36
-74 - 11 - (0 - -11 - (38 + -11))
-69
What is 3 + -1 + 5 + 5 + -31 + (111 - 73)?
19
What is 40 - (-20 - (-26 + -32) - -62)?
-60
Evaluate 15 + -14 + -15 + 14 + -4.
-4
Evaluate 6 + 3 + -30 - (7 - (6 + -6)).
-28
What is the value of 5 + -81 - ((1 - -6 - 13) + (-38 - -37))?
-69
What is the value of 7 + 134 - (-115 - -188)?
68
-2 - (23 - 51 - -39 - (2 + -3 + -49))
-63
What is the value of -43 + (13 - (16 - 1) - -8)?
-37
Evaluate (-32 - (0 - 42) - (-131 + 10)) + -9.
122
Evaluate -56 + (29 - -16 - 37).
-48
485 + -440 + -5 + -59
-19
132 + -47 + 51 + -120
16
What is the value of (1 - 5 - -5 - 65) + 179 + -170?
-55
What is the value of 59 + -94 + -11 - (2 - 10)?
-38
Evaluate -25 - (8 + -19 - -12 - -11 - 13).
-24
Calculate -834 - -786 - (-3 + 2 - 15).
-32
What is the value of -6 + (-14 - (-11 + (-8 - -7))) - 25?
-33
What is the value of -139 + 147 + (2 - 31) - (3 - 2)?
-22
32 + (-119 - -126) + -2 + 15
52
-38 + (16 - 34 - 1) + 22 - (-7 + -2)
-26
Evaluate (-1513 - -1527) + (-44 - -2).
-28
What is (-10 - 1) + -30 + 28 - -12 - 5?
-6
Calculate 57 + -77 + 94 + -69.
5
What is the value of 8 + -2 + ((112 - 21) + -3 - 28)?
66
(-10 + -26 - -31) + 15 + 0 + 2 - -6
18
What is the value of -8200 - -8207 - (1 + (0 - 1))?
7
Calculate 19 - 5 - 5 - (82 - 24).
-49
(-1 - -2) + -80 + 59 + 10 + (1 - -6)
-3
What is the value of (116 - 127 - (1 - -81)) + 12?
-81
16 - ((85 + -46 - 27) + (1 - -51))
-48
What is the value of -38 - (-127 + 141 + -149)?
97
What is (-82 - (-76 + 13)) + (-3 - -2 - -11) - 4?
-13
What is -166 + 192 + 13 + -2 + 11?
48
Calculate -3 + 11 + (-1 - -1) + -2 - 3.
3
-5 - (4 - -2) - (0 + -12 - (-217 + 223))
7
Calculate -3 - -19 - (12 + -3) - (-8 - 28).
43
-116 + 2 + -3 - (47 - 80)
-84
53 + (2 - 0) + 3833 + -3833 + -6
49
Evaluate 75 - (14 + -21 + 8).
74
What is -59 + 19 + (41 - 17) + 1?
-15
0 + (17 - -37 - 14)
40
Evaluate (-13 - -3) + (11 - 0 - (-39 - (39 - -19))).
98
Calculate -77 + (-4 - (-8 - (16 + (-14 - -2)))).
-69
Evaluate -10 - -17 - (-2 - -16) - 3 - -30.
20
What is 27 + (-55 - 18) - -102?
56
Calculate -35 - (-50 - (-82 + 24)).
-43
Evaluate 4 - (1 + (-18 - 1) + 0 + (783 - 773)).
12
0 + (-2 - -4) - (-100 + 167) - -8
-57
Evaluate 9 + (-2442 - -2383 - (-10 + 3 - -1 - -1)).
-45
What is the value of -33 - (-2 + 8 + -12 + (0 - -9))?
-36
What is the value of 6 - (-8 + 3 + -2 + (2 - 0) - 6)?
17
What is -68 + -15 + (4 - (-1 + -4)) + -8 - 2?
-84
What is the value of -13 + 18 + 10 + 9 + -8?
16
-55 - (31 - (49 - -49 - 30))
-18
What is (-4 + -17 - 4) + 173 + -130?
18
What is 0 + 5 + (2 - 8) + 7 + -3 + 40?
43
Evaluate -45 + -4 - (253 - 242).
-60
What is 45 - (-28 - -28) - 89?
-44
Calculate 36 + (9 - (3 + (6 - 2) + -2)).
40
What is (4 + -36 - -16) + 7 + -3 + 2 + 36?
26
What is the value of -2 - 2 - (-3 + -35 + -762 + 874)?
-78
What is (-4 - -8 - (24 - (-18 - -13) - -3)) + 1?
-27
What is the value of 12591 - 12787 - (-83 + 1)?
-114
What is the value of 28 + -27 + -33 + 39?
7
Calculate (4 + (31 - 17) - -6) + -7.
17
Calculate -1 - -23 - ((-27 - -13) + 177 + -43).
-98
Evaluate 16 + (-14 + 21 - -3) + 1 + -19 - 3.
5
Evaluate (-249 + 123 - -140) + (-65 - (-2 + 2)).
-51
What is (175 - 225) + -18 + 156?
88
What is the value of 39 - (55 + -26 + -32)?
42
22 + -85 + 37 + (77 - 6)
45
Calculate 50 + 13 + -19 - (-2 - -21).
25
Evaluate -2 + -1 + 0 - ((-70 - -94) + -72).
45
What is the value of -28 - (-2 + 2 - -4) - (111 - 117)?
-26
What is the value of -3 + 13 - (57 + 27 + -71)?
-3
-12 - -5 - 0 - (-62 - 44)
99
Evaluate -32 + 55 + (-74 - (11 + -24)).
-38
Evaluate 81 - (-1 - ((3 - (-4 + 23)) + -23 + 32)).
75
-27 + 63 - 21 - 87
-72
(-43 - (55 - 106)) + -23
-15
Calculate -43764 + 43777 - (1 - (-2 - (0 - (-1 + 2)))).
11
What is -134 - (-320 - -333 - (-2 + (-2 - -5) + 25))?
-121
What is -10 + (-666 + 644 - (1 - -10))?
-43
29 - (779 + -759 + 1 + -56)
64
3 - -1 - 9 - -3 - 5
-7
What is the value of -19 - (21 - (7 + 8 + 6))?
-19
What is the value of 2 + ((1 - -10) + -8 + 5 - 5) + -5?
0
What is the value of (77 - 20) + -8 - (-5 - -5)?
49
Calculate -18 - (-11 - (-4 + -4 + -3 + 3)).
-15
Calculate (-8 - 62) + (-7 - -58).
-19
What is -75 - (-18 + 36 + 4 + -17 + 5 + 2)?
-87
Evaluate 160 - 77 - (-5 - -5 - -8) - (0 - -5).
70
What is 4 + (-10 - -7 - 10) - 11?
-20
What is the value of -2 - -5 - (-47 + 53) - (4 + (1 - 20))?
12
Calculate (22 - 51) + (-5 + -3 - (-4 - 8)).
-25
What is (0 - 12) + 19 - 52 - (-9 + 3)?
-39
5 - (1 - 0) - (-7 - (-48 + 72)) - -4
39
Evaluate -759 + 667 + (-1 - -54).
-39
Evaluate -71 - 0 - -22 - -65.
16
What is the value of -3 + (3 - (16 - -20)) + 15?
-21
What is -5 - (-30 + (11 - (-15 + 12)))?
11
What is -19 + (-35 - ((-1 - 30) + 22))?
-45
Calculate -105 + (67 - (-50 + 85)).
-73
What is -33 + 12 + 14 - (-51 + 6 + -8)?
46
Calculate (291 - 296) + -1 + -2.
-8
What is -76 + (19 - 18 - -17 - 33) - 2?
-93
-95 + -118 + 74 + 176
37
What is the value of 52 - (59 + (-6 - 39))?
38
Calculate -4 - ((0 - 0 - -2) + 83 - (5009 - 5014)).
-94
11 + 1 + -35 + 29 - 3
3
(-120 - (13 - (-13 + -13 + 9 + 33))) + 11
-106
17 + (-3 + -3 - -10) - 17
4
-42 + (-6 - -8) + (26 - 8)
-22
What is the value of 37 + (-2 - 46) - 25?
-36
Evaluate 111 - (-79 + 105 - -48).
37
Evaluate 31 + -95 - -6 - 37.
-95
What is -28 - (10 - 8 - -11) - (2 - (-9 - -9))?
-43
(-77 - (-22 - 5)) + 89
39
Calculate 28 + -56 + 154 + -67.
59
What is the value of 0 + -11 + 34 + -20 + -4?
-1
119 - 111 - ((2 + 44 - 3) + 2 + -1)
-36
What is the value of (-57 - (-16 + 0)) + 0 + (-9 - -4)?
-46
Calculate 2 - ((-55 - -76) + 10).
-29
Evaluate -9 + (-26 - 1) + 3.
-33
Calculate (13 - (-2 + 31 + -15)) + (-5 - (10 + -75)).
59
Evaluate (105 - (171 + -146)) + 9.
89
What is the value of 11 + (11 + 14 - 34) + (3 + -1 - -2)?
6
What is the value of 77 - (13 + -19 + 3) - 16 - (-1 + -1)?
66
-42 - (-40 + 28) - 28 - 7
-65
Calculate (3 - -21 - (-185 + 207)) + 16 + -3 + 0.
15
What is the value of (67 + -34 - 4) + -27?
2
-31 + 35 - 19 - 49
-64
What is the value of 1647 + -1736 - (17 - (-2 + (3 - 4)))?
-109
Calculate -9 + 38 + 2 - (-11 - (1 + (-9 - -2))).
36
Evaluate (-1 - (117 + -9